e 0 = 19*g + d*g - 59796. What are the prime factors of g?
3, 151
Suppose 254095*s - 254074*s - 462693 = 0. What are the prime factors of s?
11, 2003
Suppose 2*d + 4 - 14 = 0. Suppose 320 + 2425 = 61*m. Suppose d*i - m - 5 = 5*x, -2*i - 4*x = -2. What are the prime factors of i?
7
List the prime factors of (74 - (-3 - -1))*((-21936)/(-192) - 26).
19, 353
Let d(y) = 23*y - 20. Suppose 4*g = -10*g + 182. What are the prime factors of d(g)?
3, 31
Suppose -x - 2*l - 5 = 0, 16*l - 4 = 4*x + 20*l. What are the prime factors of 56/84 - 1/(x/(-1675))?
13, 43
Suppose 3*b - 22088 = -5*x, 2*b - 9*x = -5*x + 14762. What are the prime factors of b?
3, 7, 13
Let s be 80/36 - -1 - 8/36. Suppose -j = -6*j + s*a + 770, -j + 3*a = -142. List the prime factors of j.
157
Let b be 2*3/(-42) + 96/(-14). Let u(x) = 11*x**2 - 15*x - 43. List the prime factors of u(b).
601
Let p(l) = -l**2 - 23*l + 71. Let r be p(-19). Suppose -r = 2*o - 9*o. Suppose 4*y - 204 = 2*n, 5*n - o = -1. List the prime factors of y.
53
Suppose 50221 = 3*k - 4*s + 20452, -5*s = 0. What are the prime factors of k?
9923
Let s(h) be the third derivative of h**6/60 - h**5/10 + h**4/24 + h**3/2 + h**2 + 4. List the prime factors of s(6).
3, 5
Let x = 39 + -59. Let z = -185 + 197. List the prime factors of 3/(z/x) - -21.
2
Suppose -5*x + 5*d + 75120 = 0, 4*d = 26*x - 30*x + 60152. What are the prime factors of x?
15031
Suppose -33096 = -2733*g + 2721*g. List the prime factors of g.
2, 7, 197
List the prime factors of 213892/8*(-156)/(-182) + 10.
101, 227
Suppose 155*c + 5*f - 9463 = 154*c, 18898 = 2*c + 3*f. List the prime factors of c.
7, 19, 71
Let x(k) = 2*k. Let y(p) = -p**2 + 8*p - 12. Let s be y(6). Let q be x(s). Let w = 20 - q. List the prime factors of w.
2, 5
What are the prime factors of (9/6)/((-6)/4)*-2465*1?
5, 17, 29
Suppose 2*z = -2*n - z + 35, -4*z = 5*n - 98. Suppose 0 = o + n - 37. Let u(x) = 6*x + 2. What are the prime factors of u(o)?
2, 23
Suppose -3 = -2*o + c, -3 = -4*o - 3*c - 2. Suppose -11*u + 10 = -o. List the prime factors of u/4 - 5*7/(-4).
3
Let q be 16/4 + 6/(-3). Suppose -2 = q*v, -135 = -4*r - v - 0*v. Suppose -3*t + 118 + r = -h, -78 = -2*t - 4*h. What are the prime factors of t?
7
Let u(w) = -2*w + 62. Let q be u(-15). Suppose -5*n - q = -n. Let g(z) = -11*z - 44. List the prime factors of g(n).
11, 19
Suppose 3*y = 1411 - 4510. Let f = y - -2426. List the prime factors of f.
7, 199
Let c(h) = -h**3 - 4*h**2 + h + 43. Let d be c(0). Suppose b - d = 221. What are the prime factors of b?
2, 3, 11
Suppose g + x - 9288 = 0, -43*x + 46395 = 5*g - 47*x. List the prime factors of g.
9283
Let w = 5 + -7. Let j be (-2 + 28/(-21))/(w/180). What are the prime factors of 2/4 - (-2 + j/(-8))?
2, 5
Let a be -1 + 0 - -34 - (0 - -3). Suppose a*h - 264 = 27*h. Suppose p - h = 5*n, 8*p - 3*p - 384 = -3*n. List the prime factors of p.
2, 3, 13
Let n(w) = -13*w - 117. Let r be n(-14). Suppose 70*u = r*u + 1350. What are the prime factors of u?
2, 3, 5
Let p(r) = r**2 - 17*r - 18. Let f be p(8). What are the prime factors of 135/f + (-166)/(-4)?
2, 5
Let b = -31598 + 45044. What are the prime factors of b?
2, 3, 83
Suppose -3*k - x + 1551 = 2*x, 542 = k - 4*x. Let i = k + -285. List the prime factors of i.
3, 79
Let q(p) = 361*p**2 - p + 1. Let t = 279 + -278. What are the prime factors of q(t)?
19
Let f(s) = -23*s**2 + 1289*s + 31. Let y be f(56). Let u = 215 + 51. Let w = u - y. What are the prime factors of w?
179
Let x(s) = 50*s**2 + s - 2. Suppose 4 = 7*k - 3*k. Let o be x(k). Let c = 79 - o. List the prime factors of c.
2, 3, 5
What are the prime factors of (18/7)/((-14*(-14)/6860)/385)?
2, 3, 5, 7, 11
Let z(f) = -f**2 + 16*f - 26. Let x be z(7). Let m = x - 17. Suppose 0 = -m*w + 22*w - 416. List the prime factors of w.
2, 13
Let l be (807/4)/((-21)/(-56)). Let r = l - 43. List the prime factors of r.
3, 5, 11
Suppose 3*p - 361 = 5*h + 7466, h = -5*p + 13017. List the prime factors of p.
2, 3, 7, 31
Suppose 0 = 5*y + 5*y - 170. Suppose 0 = -y*o - 9*o + 5954. What are the prime factors of o?
229
Let i = 20055 - 4907. What are the prime factors of i?
2, 7, 541
Suppose a - 48 = -5*c, -4*c + 7*c - 24 = a. Let q be (-6)/4*(-138)/(c/(-3)). Let l = q - -104. What are the prime factors of l?
5, 7
Let z(n) = -n. Let b(i) be the third derivative of 21*i**4/8 - 4*i**3 + 5*i**2. Let k(d) = b(d) - 2*z(d). List the prime factors of k(3).
3, 19
Suppose -3*p + 12335 = 4*t - 16586, 0 = -t + p + 7218. What are the prime factors of t?
5, 17
Suppose -4*c + 52 + 20 = 0. Suppose 0 = 16*p - c*p - 10. Let s(l) = -9*l + 2. List the prime factors of s(p).
47
Suppose -c - 7 = -2*h - 3, -2*c = -8. Suppose h*g + 314 = 826. List the prime factors of g.
2
What are the prime factors of 314550/27 - (-4 + 16)?
2, 11, 23
Let q be (1/2)/((-5)/(-30)). List the prime factors of q/(-12) - (-9723)/28.
347
Let a be 5 + (2 - 25/5). Suppose a*l - 2204 = -17*l. What are the prime factors of l?
2, 29
Suppose -1465*g + 1453*g + 74088 = 0. What are the prime factors of g?
2, 3, 7
Let i = 6484 + -4249. List the prime factors of i.
3, 5, 149
Suppose 2*d - 1077 = -d - 3*s, -724 = -2*d + s. Suppose -3*q + d = 2*n - 1151, 0 = -2*q - 4. What are the prime factors of n?
3, 11, 23
Let k = -10 - -12. Suppose -k*m + 25 = -m. List the prime factors of (-2552)/(-20) - (-10)/m.
2
Let o(l) = -l**3 + 19*l**2 - 43*l - 1. Let w be o(9). Let h = 208 + w. List the prime factors of h.
2, 3, 5, 7
Suppose 732 = 2*x - 320. Let y = -443 + x. List the prime factors of y.
83
Let b(q) = 14*q + 20. Let w be b(11). What are the prime factors of (-4 - (7 - 17)) + w?
2, 3, 5
Let h(o) = o**3 - 2*o**2 - 18*o + 18. Let w be (-504)/140*(-20)/6. List the prime factors of h(w).
2, 3, 23
Suppose 0 = -342*s + 347*s - 6540. Let a = -455 + s. What are the prime factors of a?
853
Let q(z) = z**3 - 65*z**2 - 224*z + 687. What are the prime factors of q(70)?
3, 3169
Let k(u) = -30988*u + 1939. What are the prime factors of k(-2)?
3, 5, 4261
What are the prime factors of 10017/42*184/6?
2, 3, 23, 53
Let p(b) = 979*b - 2037. What are the prime factors of p(40)?
37123
Let j(p) be the first derivative of -4*p - 1/3*p**3 - 7 - 11*p**2. List the prime factors of j(-7).
101
Let p = -207 + 207. Suppose -4*q + 8 = p, k - 9 = 2*q + 18. What are the prime factors of k?
31
Let a(n) = -5*n**3 + 16*n**2 - 9*n - 84. Let v(f) = -9*f**3 + 32*f**2 - 17*f - 170. Let q(x) = 11*a(x) - 6*v(x). What are the prime factors of q(-19)?
2, 3, 11, 17
Suppose 0 = 2*w + r - 7014 - 1673, -21710 = -5*w - r. What are the prime factors of w?
3, 1447
Suppose 0 = q + 2*q - 4*r + 12, -5*r = 5*q - 15. Suppose q = 3*b + 2*b - 15, 4*b - 440 = -4*i. What are the prime factors of i?
107
Suppose i = -31*n + 35*n - 6583, 3*n = 3*i + 4926. List the prime factors of n.
3, 61
Let x(d) = 0 - 1 + 25 - 20*d. What are the prime factors of x(-4)?
2, 13
Let r(b) = 2*b**3 + b**2 - b + 2. Suppose 3*z + 23 = 2*z. Let x = -21 - z. List the prime factors of r(x).
2, 5
What are the prime factors of -6*(-1)/9*(-241818)/(-41)?
2, 983
Let t(o) = 2*o**3 - 37*o**2 - 55*o - 5. Let w(k) = 6*k**3 - 112*k**2 - 164*k - 17. Let c(b) = -17*t(b) + 6*w(b). What are the prime factors of c(23)?
443
Suppose i - 4*l - 14 + 1 = 0, -i - 5*l = 5. Let a be (i/15)/((-1)/(-249)). Let g = -56 + a. List the prime factors of g.
3
Suppose 5 = 2*x - l, -16*x + 18*x - 4*l + 4 = 0. Suppose y + x*t - 338 = 0, 750 = -4*y - 2*t + 2088. What are the prime factors of y?
2, 167
Let b be (1 - (3 + -118 + -5))*6. Suppose -3*a - 3*r + b = 0, 4 = -3*r + 5*r. List the prime factors of a.
2, 3, 5
Let l = -78 - -450. Suppose -11*n + h - 192 = -13*n, 4*n + 5*h = l. List the prime factors of n.
2, 7
Let h be ((-2*1)/2)/(44/15312). Let b = 263 - h. List the prime factors of b.
13, 47
Let s(a) = -11*a**3 - 6*a**2 - 113*a + 295. List the prime factors of s(-16).
43, 1061
Suppose 0 = 8*a - a - 455. List the prime factors of 13/(a/(-670))*-1.
2, 67
Let p(c) = 10*c**2 - 59*c - 1. Let f be p(6). Suppose 23 + 2 = -f*d, -3*o + 5*d + 349 = 0. List the prime factors of o.
2, 3
Suppose 4*q + 2083 - 143 = 0. Let c = q - -773. Suppose 3*o = -o + c. What are the prime factors of o?
2, 3
Let j = -16796 + 21923. List the prime factors of j.
3, 1709
Let n be (-2)/2*0/10. Suppose s +